 of 21049264 and 646?
646
Calculate the greatest common divisor of 7005674 and 908.
454
What is the greatest common factor of 340 and 172924?
68
Calculate the highest common divisor of 51 and 5786953.
17
What is the highest common factor of 96312 and 307644?
12
Calculate the highest common divisor of 92114232 and 6066.
2022
What is the highest common divisor of 12123968 and 48?
16
Calculate the greatest common divisor of 16867461 and 195.
39
What is the highest common factor of 30286401 and 561?
51
What is the greatest common divisor of 222517691 and 2332?
583
What is the highest common factor of 811780 and 100?
20
Calculate the greatest common divisor of 1105596 and 1647804.
4236
Calculate the highest common divisor of 1159539 and 1842.
921
What is the greatest common divisor of 66365269 and 47?
47
What is the highest common divisor of 6125 and 203819?
7
What is the highest common divisor of 5515 and 27985316?
1103
Calculate the highest common factor of 210399446 and 4762.
4762
What is the highest common divisor of 572145 and 1120?
35
Calculate the greatest common divisor of 118 and 7361194.
118
What is the greatest common divisor of 27170 and 50530766?
5434
Calculate the greatest common divisor of 84 and 440099004.
12
Calculate the highest common factor of 1299 and 135076515.
1299
What is the greatest common divisor of 191381000 and 112520?
3880
Calculate the highest common factor of 8154 and 9033726.
906
Calculate the highest common divisor of 514520 and 2791948.
2708
What is the highest common factor of 1098 and 3652497?
549
What is the highest common divisor of 5074 and 82421112?
118
Calculate the highest common divisor of 150803 and 2394.
19
What is the highest common factor of 355240 and 760?
40
Calculate the greatest common factor of 6387411 and 16017.
843
Calculate the highest common divisor of 1674 and 1282947462.
558
What is the greatest common factor of 5688765 and 1080?
135
What is the highest common divisor of 39 and 38615070?
39
Calculate the highest common factor of 5269241138 and 7.
7
Calculate the greatest common divisor of 13960 and 3687185.
1745
What is the highest common divisor of 10010609 and 518?
259
Calculate the greatest common divisor of 123715 and 192385.
545
What is the greatest common factor of 360 and 22896360?
360
What is the greatest common divisor of 39492920 and 43?
43
Calculate the highest common divisor of 315263 and 728.
13
What is the greatest common divisor of 22022701 and 34?
17
What is the highest common divisor of 1341210 and 428970?
5430
Calculate the greatest common divisor of 322060 and 4280.
20
What is the greatest common divisor of 923 and 6412081?
923
Calculate the greatest common factor of 5832 and 94511934.
1458
What is the highest common divisor of 124648 and 120576?
8
What is the highest common divisor of 2414 and 1442578?
142
What is the greatest common divisor of 698244914 and 538?
538
Calculate the highest common factor of 57293408 and 56.
8
What is the highest common factor of 61600 and 3584350?
3850
What is the highest common factor of 1919 and 6727729?
19
Calculate the greatest common factor of 19384 and 252272.
8
What is the highest common factor of 1332476 and 6086?
358
What is the greatest common divisor of 26404 and 22491493?
943
What is the highest common factor of 3477114 and 171?
171
What is the greatest common divisor of 130 and 31806255?
65
What is the highest common divisor of 2378245 and 5?
5
Calculate the greatest common factor of 432747 and 238.
7
What is the greatest common divisor of 8585702 and 1184?
74
What is the highest common divisor of 3825 and 196788600?
3825
What is the greatest common divisor of 27 and 657213?
3
What is the highest common divisor of 72 and 1148642928?
72
What is the greatest common divisor of 1854285615 and 13?
13
What is the greatest common divisor of 2768 and 234088?
8
What is the greatest common divisor of 916104 and 142044?
1596
Calculate the highest common divisor of 5214 and 17392166.
1738
What is the greatest common divisor of 1679477 and 65598?
841
Calculate the greatest common divisor of 196 and 1587999154.
98
What is the highest common divisor of 34 and 63325034?
34
What is the highest common divisor of 64764 and 17514?
126
What is the highest common divisor of 20 and 1204754990?
10
Calculate the highest common divisor of 63066 and 1029621.
1371
What is the greatest common factor of 118566072 and 186?
186
What is the greatest common factor of 20937842 and 1504?
94
Calculate the greatest common factor of 4629764 and 3252.
1084
What is the highest common factor of 24880788 and 117?
9
What is the greatest common divisor of 6062828 and 1414?
202
Calculate the greatest common divisor of 145 and 24011420.
145
Calculate the highest common divisor of 1553087 and 215553.
5527
Calculate the highest common factor of 1344 and 52372544.
448
What is the highest common factor of 5517 and 529416?
9
Calculate the greatest common divisor of 32353206 and 6.
6
Calculate the greatest common factor of 272506 and 9594.
26
Calculate the highest common divisor of 720 and 3008730.
30
What is the greatest common factor of 35150 and 380760?
190
What is the greatest common divisor of 3910 and 65366190?
170
What is the highest common factor of 189 and 1364426?
7
What is the highest common divisor of 5683020 and 47040?
2940
What is the highest common divisor of 6149395 and 1449?
161
What is the greatest common divisor of 430 and 1351810?
10
What is the greatest common divisor of 22731687 and 99?
99
Calculate the greatest common divisor of 62818 and 6874.
14
What is the greatest common divisor of 93 and 176054704?
31
Calculate the highest common factor of 1978 and 136568.
86
What is the highest common divisor of 3907201 and 284?
71
What is the greatest common divisor of 5579 and 2763199?
797
What is the highest common factor of 117760 and 2069264?
368
What is the greatest common factor of 142 and 200435485?
71
Calculate the greatest common divisor of 1095886 and 10208.
22
Calculate the highest common factor of 27 and 571973994.
27
What is the highest common factor of 1744 and 915344?
16
Calculate the greatest common factor of 97713 and 49.
7
What is the highest common factor of 638316267 and 1406?
703
What is the highest common divisor of 295 and 5382511?
59
Calculate the greatest common divisor of 4974436 and 36.
4
What is the greatest common factor of 1447 and 24409443?
1447
Calculate the greatest common divisor of 8236 and 15323078.
4118
Calculate the highest common factor of 274344 and 56994.
966
Calculate the highest common divisor of 434436 and 3036.
12
Calculate the highest common factor of 516 and 152337476.
172
What is the highest common divisor of 176643 and 57951?
9
Calculate the highest common factor of 2262 and 12398399.
377
What is the highest common factor of 6376 and 650995976?
6376
What is the greatest common factor of 64 and 4051?
1
Calculate the greatest common divisor of 16 and 1119356.
4
What is the greatest common divisor of 612279 and 6669?
27
Calculate the highest common factor of 1842 and 17074419.
921
What is the highest common factor of 283264 and 2795019?
2213
Calculate the greatest common divisor of 243 and 98362269.
243
Calculate the highest common factor of 4203 and 1154125587.
1401
What is the highest common divisor of 26794 and 192?
2
What is the greatest common factor of 85 and 3337647485?
85
Calculate the highest common factor of 31163 and 9383.
11
What is the greatest common divisor of 156545 and 807615?
655
Calculate the highest common factor of 37067 and 2727.
101
What is the greatest common divisor of 10136 and 7017008?
1448
Calculate the highest common divisor of 42 and 481321988.
14
What is the highest common factor of 138 and 5047442?
46
What is the greatest common factor of 256 and 28845952?
128
Calculate the highest common divisor of 40664 and 26104.
104
What is the greatest common divisor of 23653067 and 87?
29
Calculate the highest common divisor of 404 and 857790172.
404
Calculate the highest common factor of 580 and 27870305.
145
What is the greatest common factor of 9032831 and 527?
17
What is the highest common divisor of 369584220 and 120?
60
Calculate the greatest common factor of 142498610 and 21570.
7190
Calc